mon divisor of m and 96.
12
Suppose -l + 3 = 0, 3*n + 149 = 4*l + 362. Calculate the highest common factor of 1100 and n.
25
Let a be (-801)/(-63) + 11 - (-288)/(-168). Suppose 0 = 2*i + 3*k + 2*k - 1075, 3*k + 1115 = 2*i. What is the highest common divisor of a and i?
22
Let c(n) = -256*n**2 + 9*n - 8 - 2*n + 263*n**2. Let f be c(4). Calculate the greatest common divisor of f and 44.
44
Let f = -56 + 106. Let r(b) = 3*b**2 - 3*b - 2. Let y be r(-1). Let x be (10/4)/(-5)*y*-125. What is the greatest common factor of x and f?
50
Let x = 66 + -10. Suppose -c - x = -3*c. Let t = 46833 - 46721. Calculate the greatest common factor of t and c.
28
Suppose 2*h - 2864 = -2*n, 2*n + 1588*h - 1585*h = 2855. Calculate the highest common divisor of 187 and n.
11
Let k(q) = -20*q**2 + 30*q + 15. Let g(j) = 9*j**2 - 13*j - 8. Let b(a) = 5*g(a) + 2*k(a). Let f be b(-5). What is the greatest common factor of 175 and f?
35
Let v = 277 - 208. Calculate the highest common factor of 667 and v.
23
Suppose -p = -3*b + 4*p + 95, -3*b + p + 103 = 0. Let c be (b/(-7))/(1/(-37)). Calculate the highest common divisor of c and 111.
37
Let m be -26*(-8)/52 + (-16)/(-2). Let j(w) = 40*w**2 - 2*w. Let l be j(2). What is the greatest common divisor of l and m?
12
Suppose -8*a + 13*a - 4*r = 51, 2*a + 4*r - 54 = 0. Calculate the highest common factor of 96 and a.
3
Suppose -3*y - 4*g + 99 = 0, 29 = 3*y - 5*g - 97. Suppose 5*w + 27 = t, 2*t + 4*w - 41 - 41 = 0. What is the highest common factor of y and t?
37
Let n(o) = -2*o**3 + 0 + 5 + 8*o + 5 + 13*o**2 - 15. Let r be n(7). Suppose h - 22 = r. Calculate the greatest common factor of 16 and h.
8
Let y be (-1 + 7)/(147/(-6076)). Let w = y - -258. Calculate the greatest common divisor of 15 and w.
5
Let h be 4 + (228/(-95) - (-4)/10). Suppose 5*q + 8 = -h*s - 6, 28 = -4*s - 3*q. Let f be 3 + s + 4 - -9. What is the highest common factor of f and 99?
9
Let m be (-7)/(1/1022*-591 + 24/42). Calculate the highest common factor of 14 and m.
14
Let h(g) = 33*g - 617. Let t be h(21). What is the highest common factor of t and 16?
4
Let l(p) = -2*p - 6. Let s be l(-11). Suppose 7*h + 4*j - 68 = 3*h, -2*j = -4*h + 62. What is the highest common factor of s and h?
16
Let f = 1234 - 1221. What is the greatest common divisor of 1391 and f?
13
Let k be 844*(34/255*-95)/((-2)/3). Calculate the greatest common factor of 152 and k.
76
Let o(k) = 2*k**2 - 2*k + 74. Let c be o(0). Calculate the greatest common factor of 1961 and c.
37
Suppose -50 = -3*f - u + 50, 0 = 3*f - u - 104. Let w be -34*(13 + (-45 - 5)). What is the greatest common divisor of f and w?
34
Suppose -3*n - 32*q + 84 = -28*q, 4*n - 38 = 7*q. Suppose 5*h - 2*v = 251 + 849, -2*h = v - 440. Calculate the highest common divisor of h and n.
20
Let c be -3 - 628/4*-1. Suppose -4*r - 385 = -5*s, 9*s - 7*s + 3*r = c. Calculate the highest common factor of s and 22.
11
Suppose 7*r - 3*v - 981 = 0, -8*r - v + 685 = -3*r. Let o = 143 + -8. Suppose 3*p - b = o, -b - 227 = -8*p + 3*p. What is the highest common divisor of p and r?
46
Let b(h) = 115*h + 4316. Let g be b(-36). What is the highest common divisor of g and 3056?
16
Suppose -2*n - 1308 = -4*f, 2*n = -5*f + 334 + 1328. What is the highest common divisor of 1694 and f?
22
Suppose 0 = 140*v + 195*v - 13065. What is the greatest common divisor of v and 22269?
39
Let l = -11949 + 12015. What is the greatest common divisor of 2552 and l?
22
Suppose 2*z - 4*d - 136 = 0, -3*z + 5*d + 206 = -0*d. Let i be (-5610)/(-17) + (3 - 21). What is the greatest common divisor of i and z?
24
Let n = 358 + -361. Let b(h) = h**3 + 3*h**2 - 23*h - 62. Let s be b(n). Calculate the greatest common divisor of s and 5.
1
Let t(b) = 524*b**2 - 5*b - 4. Let o be t(-1). What is the greatest common factor of o and 200?
25
Suppose 0*n + n - 5*c = 22, 2*c + 6 = -n. Let j be (-16)/72 - (-236)/18*n. Calculate the greatest common factor of 104 and j.
26
Let g be (-4)/18*-12*(-1512)/(-21). Suppose 3*n = -n + d + 197, 0 = -4*n - 4*d + g. Let o = -3 + 17. What is the greatest common divisor of o and n?
7
Suppose 3*y - 232 - 2507 = -3*d, 2*y = 2. Calculate the greatest common divisor of d and 32.
16
Let u be ((-12)/21)/(16/(-1064)). What is the greatest common divisor of 323 and u?
19
Suppose 3*i - 4*p + 122 - 416 = 0, -i - p = -84. Calculate the greatest common divisor of i and 2460.
30
Suppose b - 4 = 0, -44*r + 236 = -42*r + 2*b. Let i be ((-6)/18)/((-2)/(-114)). Let l be i*(1 - 3)*1. What is the highest common divisor of l and r?
38
Suppose 5*o + c - 2094 + 1230 = 0, -3*o - 4*c + 498 = 0. What is the greatest common factor of o and 7743?
87
Suppose 58 = -2*k + 5*h + 83, 0 = -k - 4*h + 32. Calculate the highest common divisor of k and 710.
10
Suppose -9 = i - 4*n, 5*i - n + 4*n - 1 = 0. Let h(p) = 399*p**2 - 8*p - 8. Let u be h(i). Calculate the highest common factor of u and 19.
19
Let h(q) = -5*q**3 - 231*q**2 - 1032*q. Let i be h(-5). Calculate the highest common divisor of i and 17195.
5
Let a be (2/6)/(20/25 + 1415/(-1800)). What is the highest common factor of 6128 and a?
8
Suppose -477 = -0*m - 9*m. Let n = 61 - m. Calculate the greatest common divisor of 152 and n.
8
Suppose -2*y + 3*l = -l - 56, -5*y + 200 = 2*l. Let t be 2/1 + 2 - (0 - -2). What is the highest common divisor of y and t?
2
Let w = -6011 - -6106. Let h = -3 + 22. What is the highest common divisor of w and h?
19
Let r(q) = 2*q**3 - 55*q**2 + 303*q - 47. Let a be r(20). Let m be ((-32)/6)/(2/(-39)). Calculate the highest common divisor of a and m.
13
Suppose 4*q + 4724 = y, 5*y + 3604 = 4*q + 27144. Calculate the highest common factor of 84 and y.
84
Suppose 26 + 258 = -o + x, 0 = o + 3*x + 304. Let k = o - -305. Let f be -20*((-4)/(-2))/(-1). Calculate the greatest common factor of f and k.
8
Let t be (-9)/54 - 10/12. Let s(i) be the second derivative of -25*i**3/6 - 2*i**2 - 5*i. Let w be s(t). Calculate the greatest common factor of 14 and w.
7
Suppose 6*p + 2*q = 2*p + 2100, 5*p - 4*q - 2651 = 0. Let y = 137638 - 137607. What is the greatest common divisor of y and p?
31
Let b(s) be the first derivative of 2*s**3/3 - 7*s**2 - 16*s - 96. Let z be b(-7). What is the greatest common factor of z and 40?
20
Suppose 2*n = 3*x - 146, 8*x = 3*x - 5*n + 235. Let h = x + -19. Let q = 288 + -85. Calculate the greatest common divisor of q and h.
29
Let c(m) = m**2 + 100*m + 1182. Let z be c(-12). Let s = -136 - -88. Let d = -34 - s. Calculate the greatest common divisor of z and d.
14
Suppose 701*s = 700*s - 153. Let q = 57 - 162. Let i = q - s. What is the greatest common divisor of i and 6?
6
Let x(k) = -620*k - 11929. Let u be x(-22). What is the highest common factor of 203 and u?
29
Let m be 141 + (-4 + 28)/(-3) - 7. Calculate the highest common factor of m and 7623.
63
Let r = -8 + 12. Suppose 4*u = -f - 0*f + 100, -r = f. Suppose 7*g + 3*l + 340 = 12*g, g + 4*l = 45. What is the greatest common factor of g and u?
13
Let t(o) = 6*o**3 - 8*o**2 + 23*o + 28. Let v be t(5). Calculate the greatest common factor of v and 132.
33
Let w = -4823 + 13199. What is the highest common divisor of 24 and w?
24
Let s be (4 - (-99)/(-24)) + 24579/24. Calculate the highest common divisor of 56 and s.
8
Suppose 31*b = 727 + 947. What is the highest common divisor of 222 and b?
6
Let u = 12123 + -10965. What is the greatest common factor of 54 and u?
6
Suppose 0*u - 3*u - 294 = 2*x, -438 = 3*x + 3*u. Let b = x + 154. What is the greatest common divisor of 10 and b?
10
Let u be 807/15 - ((-21)/5 - -4). Let r = -630 + 756. Calculate the greatest common factor of u and r.
18
Suppose 17*o - 2312 = -25*o - 26*o. Let s = -234 + 557. What is the greatest common divisor of s and o?
17
Let m be 81/2*8/3. Let q be (-10481)/(-94)*(6 + 0). Let z = -642 + q. What is the greatest common factor of z and m?
27
Let n be 36/(13/(1092/8)). Suppose -11*f + n = 10*f. Calculate the highest common divisor of 117 and f.
9
Let l be 154/693 - (-1753)/9*1. What is the greatest common factor of 240 and l?
15
Let l be (-271950)/(-330) + 4/(-44) + 1. What is the greatest common factor of 891 and l?
33
Let s(r) = -3*r**3 + 98*r**2 - 60*r - 101. Let h be s(32). Suppose 3*x = 2*n - 420, 4*n - 2*x - 424 = 2*n. What is the greatest common f